 is divided by 12?
7
What is the remainder when 243889 is divided by 964?
961
What is the remainder when 18278 is divided by 680?
598
Calculate the remainder when 1708 is divided by 193.
164
What is the remainder when 44710 is divided by 11136?
166
Calculate the remainder when 126318 is divided by 1943.
23
Calculate the remainder when 27054 is divided by 132.
126
Calculate the remainder when 1354147 is divided by 365.
362
Calculate the remainder when 7764 is divided by 859.
33
What is the remainder when 1891 is divided by 1445?
446
Calculate the remainder when 2204598 is divided by 100.
98
What is the remainder when 137777 is divided by 122?
39
What is the remainder when 13221 is divided by 4367?
120
Calculate the remainder when 199235 is divided by 189.
29
Calculate the remainder when 2369 is divided by 2357.
12
Calculate the remainder when 10039 is divided by 127.
6
What is the remainder when 1453421 is divided by 1890?
11
Calculate the remainder when 1082 is divided by 155.
152
Calculate the remainder when 38967 is divided by 151.
9
What is the remainder when 1584658 is divided by 4?
2
Calculate the remainder when 15392 is divided by 72.
56
What is the remainder when 4106 is divided by 78?
50
What is the remainder when 13181 is divided by 738?
635
What is the remainder when 27120 is divided by 532?
520
What is the remainder when 1190 is divided by 294?
14
Calculate the remainder when 279005 is divided by 637.
636
Calculate the remainder when 128255 is divided by 583.
578
Calculate the remainder when 1131631 is divided by 155.
131
Calculate the remainder when 97802 is divided by 256.
10
What is the remainder when 4385 is divided by 4?
1
What is the remainder when 369640 is divided by 682?
678
What is the remainder when 7824 is divided by 1954?
8
What is the remainder when 612161 is divided by 131?
129
Calculate the remainder when 7248 is divided by 805.
3
Calculate the remainder when 23982 is divided by 29.
28
Calculate the remainder when 204106 is divided by 121.
100
Calculate the remainder when 16299 is divided by 2293.
248
What is the remainder when 50288 is divided by 1143?
1139
Calculate the remainder when 14993 is divided by 882.
881
Calculate the remainder when 16228 is divided by 2310.
58
Calculate the remainder when 158093 is divided by 3040.
13
Calculate the remainder when 5337 is divided by 1750.
87
Calculate the remainder when 2541 is divided by 503.
26
What is the remainder when 26648 is divided by 423?
422
What is the remainder when 5366 is divided by 670?
6
Calculate the remainder when 2037150 is divided by 24.
6
What is the remainder when 384566 is divided by 212?
210
What is the remainder when 1552 is divided by 38?
32
Calculate the remainder when 11449 is divided by 5620.
209
Calculate the remainder when 2466 is divided by 190.
186
Calculate the remainder when 28589 is divided by 28538.
51
Calculate the remainder when 304 is divided by 36.
16
Calculate the remainder when 17555 is divided by 220.
175
Calculate the remainder when 5773 is divided by 281.
153
Calculate the remainder when 2064 is divided by 17.
7
Calculate the remainder when 47694 is divided by 19.
4
What is the remainder when 37462 is divided by 9297?
274
What is the remainder when 664 is divided by 609?
55
Calculate the remainder when 68428 is divided by 33.
19
Calculate the remainder when 474014 is divided by 16.
14
What is the remainder when 60707 is divided by 80?
67
What is the remainder when 11205 is divided by 3711?
72
Calculate the remainder when 454 is divided by 141.
31
What is the remainder when 31165 is divided by 10223?
496
Calculate the remainder when 442990 is divided by 617.
601
Calculate the remainder when 49209 is divided by 2587.
56
Calculate the remainder when 3134 is divided by 1032.
38
Calculate the remainder when 95075 is divided by 15.
5
What is the remainder when 10929 is divided by 422?
379
What is the remainder when 2299854 is divided by 563?
562
What is the remainder when 90770 is divided by 123?
119
What is the remainder when 2849 is divided by 28?
21
Calculate the remainder when 2382 is divided by 78.
42
Calculate the remainder when 17027 is divided by 387.
386
What is the remainder when 350832 is divided by 407?
405
Calculate the remainder when 323 is divided by 10.
3
Calculate the remainder when 223346 is divided by 59.
31
What is the remainder when 1012 is divided by 923?
89
Calculate the remainder when 3263 is divided by 179.
41
What is the remainder when 923703 is divided by 40?
23
Calculate the remainder when 1998 is divided by 99.
18
What is the remainder when 258700 is divided by 10779?
4
Calculate the remainder when 177314 is divided by 25.
14
Calculate the remainder when 57365 is divided by 19120.
5
Calculate the remainder when 1670120 is divided by 46.
44
Calculate the remainder when 859 is divided by 152.
99
What is the remainder when 6968 is divided by 42?
38
What is the remainder when 117936 is divided by 991?
7
What is the remainder when 22143 is divided by 2664?
831
What is the remainder when 1533946 is divided by 128?
122
What is the remainder when 5613 is divided by 445?
273
Calculate the remainder when 2835 is divided by 4.
3
Calculate the remainder when 1936 is divided by 19.
17
What is the remainder when 141416 is divided by 623?
618
Calculate the remainder when 1404 is divided by 201.
198
Calculate the remainder when 2403 is divided by 162.
135
What is the remainder when 18974 is divided by 18903?
71
Calculate the remainder when 5006623 is divided by 784.
783
Calculate the remainder when 569 is divided by 530.
39
Calculate the remainder when 254286 is divided by 335.
21
Calculate the remainder when 567612 is divided by 196.
192
What is the remainder when 153282 is divided by 11?
8
What is the remainder when 17712 is divided by 5888?
48
Calculate the remainder when 3899235 is divided by 526.
523
What is the remainder when 2579 is divided by 60?
59
What is the remainder when 7335785 is divided by 562?
561
What is the remainder when 783760 is divided by 195936?
16
Calculate the remainder when 62832 is divided by 18.
12
What is the remainder when 3653 is divided by 846?
269
Calculate the remainder when 4023 is divided by 16.
7
What is the remainder when 2050 is divided by 413?
398
What is the remainder when 8692 is divided by 167?
8
Calculate the remainder when 64182 is divided by 127.
47
Calculate the remainder when 712989 is divided by 1102.
1097
What is the remainder when 13914 is divided by 1164?
1110
What is the remainder when 5191 is divided by 271?
42
Calculate the remainder when 11055 is divided by 1225.
30
Calculate the remainder when 37939 is divided by 6.
1
What is the remainder when 26765 is divided by 56?
53
Calculate the remainder when 17500 is divided by 3481.
95
Calculate the remainder when 1123 is divided by 192.
163
What is the remainder when 236409 is divided by 27?
24
Calculate the remainder when 26210 is divided by 62.
46
What is the remainder when 35522 is divided by 107?
105
Calculate the remainder when 8632 is divided by 480.
472
Calculate the remainder when 136228 is divided by 297.
202
Calculate the remainder when 6657711 is divided by 243.
240
Calculate the remainder when 175422 is divided by 25058.
16
What is the remainder when 16089 is divided by 29?
23
What is the remainder when 99150 is divided by 26?
12
Calculate the remainder when 235097 is divided by 4.
1
What is the remainder when 15385 is divided by 103?
38
Calculate the remainder when 2359 is divided by 328.
63
Calculate the remainder when 21609 is divided by 5.
4
What is the remainder when 1408 is divided by 326?
104
Calculate the remainder when 2024 is divided by 79.
49
What is the remainder when 80124 is divided by 42?
30
Calculate the remainder when 389008 is divided by 5.
3
What is the remainder when 9916 is divided by 1405?
81
What is the remainder when 27296 is divided by 457?
333
Calculate the remainder when 19681 is divided by 179.
170
Calculate the remainder when 57143 is divided by 19040.
23
What is the remainder when 47108 is divided by 29?
12
Calculate the remainder when 5000 is divided by 101.
51
What is the remainder when 107327 is divided by 603?
596
Calculate the remainder when 11294 is divided by 1077.
52